ed by 13?
7
What is the remainder when 215 is divided by 69?
8
What is the remainder when 133 is divided by 48?
37
Calculate the remainder when 253 is divided by 33.
22
Calculate the remainder when 559 is divided by 40.
39
What is the remainder when 709 is divided by 42?
37
Calculate the remainder when 654 is divided by 47.
43
Calculate the remainder when 248 is divided by 58.
16
Calculate the remainder when 259 is divided by 59.
23
Calculate the remainder when 87 is divided by 67.
20
What is the remainder when 505 is divided by 248?
9
Calculate the remainder when 140 is divided by 77.
63
What is the remainder when 161 is divided by 24?
17
Calculate the remainder when 105 is divided by 42.
21
What is the remainder when 105 is divided by 100?
5
What is the remainder when 3617 is divided by 452?
1
What is the remainder when 229 is divided by 59?
52
Calculate the remainder when 295 is divided by 37.
36
Calculate the remainder when 166 is divided by 32.
6
What is the remainder when 1391 is divided by 41?
38
Calculate the remainder when 236 is divided by 61.
53
What is the remainder when 3339 is divided by 198?
171
What is the remainder when 2147 is divided by 271?
250
Calculate the remainder when 122 is divided by 9.
5
What is the remainder when 1230 is divided by 33?
9
Calculate the remainder when 77 is divided by 6.
5
What is the remainder when 7347 is divided by 44?
43
What is the remainder when 384 is divided by 16?
0
Calculate the remainder when 17 is divided by 4.
1
What is the remainder when 110 is divided by 96?
14
What is the remainder when 1032 is divided by 211?
188
What is the remainder when 2962 is divided by 56?
50
Calculate the remainder when 281 is divided by 49.
36
Calculate the remainder when 84 is divided by 72.
12
What is the remainder when 1317 is divided by 37?
22
Calculate the remainder when 1763 is divided by 197.
187
What is the remainder when 1578 is divided by 13?
5
Calculate the remainder when 1196 is divided by 593.
10
What is the remainder when 217 is divided by 45?
37
Calculate the remainder when 1825 is divided by 75.
25
Calculate the remainder when 606 is divided by 146.
22
Calculate the remainder when 128 is divided by 20.
8
Calculate the remainder when 140 is divided by 9.
5
What is the remainder when 1293 is divided by 271?
209
Calculate the remainder when 223 is divided by 7.
6
Calculate the remainder when 80 is divided by 1.
0
Calculate the remainder when 234 is divided by 25.
9
What is the remainder when 832 is divided by 210?
202
What is the remainder when 298 is divided by 170?
128
What is the remainder when 2925 is divided by 36?
9
What is the remainder when 320 is divided by 101?
17
Calculate the remainder when 113 is divided by 6.
5
What is the remainder when 36 is divided by 14?
8
What is the remainder when 331 is divided by 281?
50
Calculate the remainder when 107 is divided by 31.
14
What is the remainder when 971 is divided by 195?
191
What is the remainder when 9239 is divided by 154?
153
What is the remainder when 230 is divided by 177?
53
Calculate the remainder when 2618 is divided by 97.
96
What is the remainder when 1779 is divided by 41?
16
What is the remainder when 66 is divided by 17?
15
Calculate the remainder when 2108 is divided by 176.
172
Calculate the remainder when 1567 is divided by 769.
29
What is the remainder when 252 is divided by 51?
48
What is the remainder when 249 is divided by 27?
6
Calculate the remainder when 43141 is divided by 197.
195
Calculate the remainder when 29 is divided by 26.
3
What is the remainder when 62 is divided by 21?
20
Calculate the remainder when 728 is divided by 52.
0
What is the remainder when 109 is divided by 109?
0
What is the remainder when 1296 is divided by 147?
120
What is the remainder when 1387 is divided by 8?
3
Calculate the remainder when 10170 is divided by 32.
26
Calculate the remainder when 657 is divided by 15.
12
What is the remainder when 484 is divided by 27?
25
Calculate the remainder when 1311 is divided by 41.
40
What is the remainder when 95 is divided by 18?
5
Calculate the remainder when 113 is divided by 13.
9
What is the remainder when 33 is divided by 12?
9
Calculate the remainder when 727 is divided by 5.
2
What is the remainder when 518 is divided by 122?
30
What is the remainder when 8436 is divided by 264?
252
Calculate the remainder when 4139 is divided by 148.
143
What is the remainder when 4776 is divided by 81?
78
Calculate the remainder when 41 is divided by 15.
11
Calculate the remainder when 2451 is divided by 28.
15
Calculate the remainder when 251 is divided by 85.
81
What is the remainder when 1908 is divided by 191?
189
What is the remainder when 266 is divided by 25?
16
What is the remainder when 799 is divided by 67?
62
Calculate the remainder when 2330 is divided by 22.
20
What is the remainder when 70 is divided by 42?
28
Calculate the remainder when 8026 is divided by 251.
245
Calculate the remainder when 208 is divided by 72.
64
What is the remainder when 475 is divided by 17?
16
Calculate the remainder when 287 is divided by 61.
43
What is the remainder when 569 is divided by 73?
58
Calculate the remainder when 64 is divided by 11.
9
What is the remainder when 401 is divided by 13?
11
Calculate the remainder when 569 is divided by 109.
24
Calculate the remainder when 5128 is divided by 57.
55
Calculate the remainder when 445 is divided by 183.
79
Calculate the remainder when 24 is divided by 2.
0
What is the remainder when 1538 is divided by 118?
4
Calculate the remainder when 78 is divided by 61.
17
What is the remainder when 498 is divided by 110?
58
Calculate the remainder when 837 is divided by 118.
11
What is the remainder when 128 is divided by 67?
61
What is the remainder when 125 is divided by 13?
8
Calculate the remainder when 311 is divided by 69.
35
What is the remainder when 237 is divided by 61?
54
What is the remainder when 178 is divided by 31?
23
Calculate the remainder when 178 is divided by 90.
88
Calculate the remainder when 599 is divided by 54.
5
What is the remainder when 5 is divided by 2?
1
What is the remainder when 17 is divided by 6?
5
Calculate the remainder when 311 is divided by 20.
11
What is the remainder when 587 is divided by 197?
193
What is the remainder when 1029 is divided by 43?
40
Calculate the remainder when 36720 is divided by 61.
59
Calculate the remainder when 534 is divided by 125.
34
Calculate the remainder when 196 is divided by 56.
28
Calculate the remainder when 6695 is divided by 31.
30
What is the remainder when 3240 is divided by 79?
1
Calculate the remainder when 325 is divided by 153.
19
Calculate the remainder when 274 is divided by 61.
30
What is the remainder when 95726 is divided by 193?
191
Calculate the remainder when 6048 is divided by 173.
166
Calculate the remainder when 1031 is divided by 86.
85
What is the remainder when 7036 is divided by 32?
28
What is the remainder when 1286 is divided by 274?
190
What is the remainder when 2047 is divided by 108?
103
What is the remainder when 861 is divided by 32?
29
What is the remainder when 41 is divided by 11?
8
What is the remainder when 52 is divided by 40?
12
What is the remainder when 1670 is divided by 209?
207
Calculate the remainder when 1318 is divided by 22.
20
What is the remainder when 2517 is divided by 63?
60
Calculate the remainder when 445 is divided by 55.
5
Calculate the remainder when 6157 is divided by 55.
52
What is the remainder when 334 is divided by 91?
61
Calculate the remainder when 2536 is divided by 27.
25
Calculate the remainder when 316 is divided by 28.
8
What is the remainder when 137 is divided by 137?
0
Calculate the remainder when 118 is divided by 15.
13
What is the remainder when 106 is divided by 23?
14
Calculate the remainder when 1116 is divided by 221.
11
What is the remainder when 334 is divided by 58?
44
What is the remainder when 1202 is divided by 14?
12
What is the remainder when 371 is divided by 160?
51
Calculate the remainder when 1536 is divided by 22.
18
Calculate the remainder when 2472 is divided by 99.
96
What is the remainder when 730 is divided by 105?
100
What is the remainder when 190 is divided by 48?
46
Calculate the remainder whe